j - 33. Let l(i) = -13*i**2 + 10*i - 38. Let p(m) = 6*d(m) - 5*l(m). What is p(4)?
-152
Let c(h) be the third derivative of -1/12*h**4 - 1/120*h**6 + 1/12*h**5 + 80*h**2 + 0*h - 1/6*h**3 + 0. Determine c(4).
7
Let m be 6 + -8 - (-14)/(-2). Let t = -9 - m. Let q(l) = 3 - 201*l**3 + 2*l - 2*l + 202*l**3. What is q(t)?
3
Let q(f) = 7*f + 10. Suppose -597 = 280*p + 350 - 107. Determine q(p).
-11
Let m be (-10)/(-15)*-9*1. Let t(k) = -2*k + 10*k**2 + 2*k**3 - 5*k**2 - k**3 + 2 + k**2. Determine t(m).
14
Let r be 32/10 + ((-204)/(-30) - 7). Let o(v) be the second derivative of 0*v**r - 1/20*v**5 - 1/6*v**4 + 0 - 28*v + 1/2*v**2. Calculate o(-2).
1
Let l(y) be the second derivative of -7*y**3/6 - 2*y**2 + 657*y. Give l(-2).
10
Let y = -28492 - -28499. Let a(h) = h**2 - 2*h - 38. Determine a(y).
-3
Let r(m) be the second derivative of m**8/6720 - 13*m**7/2520 - m**6/48 + 19*m**5/120 + 13*m**4/6 - 14*m. Let u(l) be the third derivative of r(l). Give u(14).
5
Let i(x) be the first derivative of -x**4/4 + x**3/3 + 6*x**2 + x + 961. Calculate i(5).
-39
Let y(q) be the third derivative of -q**6/120 - q**5/60 - 13*q**3/6 - 21*q**2 + 1. Let v be y(-3). Let c(a) = 2*a - 1. Give c(v).
9
Suppose 6*z + 150 = 9*z. Let n = -50 + z. Suppose n = -2*t - 2*t - 16. Let m(h) = -h**2 - 2*h + 4. Calculate m(t).
-4
Let s = -655/18 - -332/9. Let h(x) be the second derivative of -s*x**2 + 0 + 1/2*x**3 + 29*x. Calculate h(2).
5
Let y(o) be the first derivative of -o**3/3 - 8*o**2 - 39*o - 160. Let i be y(-3). Let a(k) = k**2 - k + 8. Calculate a(i).
8
Let s be 1*-2*(-42)/28 - 5. Let j(k) = k**3 - 3. Give j(s).
-11
Let o(b) = -26*b - 29. Let g(c) = 30*c + 28. Let f(l) = 5*g(l) + 6*o(l). Determine f(-6).
2
Let w(r) = -r**3 - 6*r**2 + 7*r - 8. Let a be (-21)/(-1)*(-80)/24. Let k be 476/a + 1/(-5). Determine w(k).
-8
Let k(x) be the first derivative of -x**3/3 - 3*x**2 - 30*x + 4298. What is k(-7)?
-37
Let x(k) = -k**2 - 31*k**3 + 24*k**3 - k + 8*k**3. What is x(3)?
15
Let l = -229 + 235. Let r(s) = 3*s**3 + l*s**2 + 15*s**3 - 8*s**2 + s**2 + s. Determine r(1).
18
Let b(w) = -w + 1. Let g(c) = -3*c + 5. Let f = 196 + -197. Let j(t) = f*g(t) + 4*b(t). What is j(6)?
-7
Let z(l) = l**2 - 12*l + 6. Let c = -18312 + 18322. What is z(c)?
-14
Let g(k) = -564 + 170 - 2*k + 160 + 186. Give g(-8).
-32
Let j(a) = -4*a - 12. Suppose m - o + 9 = 0, 10*o + 25 + 5 = 2*m. Give j(m).
48
Let i(p) = 8*p**3 + 3*p**2 - 2. Let j be (28 - 27)*(3 + ((-8)/(-4) - 6)). What is i(j)?
-7
Let j be (468/(-130))/(24/40). Let y(h) = -h. Suppose 1 = p - 0*p. Let f(x) = -4*x + 3. Let n(b) = p*f(b) - 3*y(b). Determine n(j).
9
Let p(r) = r**2 + 5*r + 6. Let c = 402 + -390. Suppose 3*f = -3*q - 18, -3*f - 2 = -q + c. Determine p(f).
6
Let r(d) be the second derivative of -37/2*d**2 + 39*d + 0 + 1/2*d**3. Determine r(11).
-4
Let u(n) = n - 21. Let v(b) = -2*b - 1. Let z be v(4). Let j(i) = -9 + 9*i + 12*i**3 + 0*i**3 - 8*i**2 - 2*i + i - 13*i**3. Let k be j(z). Calculate u(k).
-21
Let u(t) = 27*t - 307. Let w(n) = -13*n + 166. Let g(x) = 3*u(x) + 5*w(x). Determine g(6).
5
Let y(d) be the first derivative of 0 + 3*d**2 + 3 - 4*d**2 - 66. Calculate y(5).
-10
Let p(f) = f + 6. Suppose 104 = 101*b + 104. What is p(b)?
6
Let l(w) = 3 + 5 - 2 - 4*w - 6 + w**2 + 1. Calculate l(7).
22
Let f(v) = 9*v + 193. Let q(u) = 19*u + 418. Let y(i) = 11*f(i) - 5*q(i). What is y(-7)?
5
Suppose 94 = -4*y + 78, 4*l = y + 24. Let b(c) = -c**3 + 4*c**2 + 10*c - 17. Give b(l).
8
Let i(p) be the first derivative of -p**4/4 - 2*p**3 - p**2/2 + 26*p - 231. Determine i(-5).
6
Let o = 35 - 31. Let v(d) be the first derivative of -5*d**2 + d + 5936. Calculate v(o).
-39
Let a(l) = -l**3 - 3*l**2 - l - 1. Suppose -7*k + 21 = 63. Let x be (k/(-6))/((-3)/9). What is a(x)?
2
Let m(c) = -3*c - 7. Let s be 3/4 + (-634)/(-8) + 11. Let b be -12*(-4 + s/21). Give m(b).
5
Let f = -8301 + 16603/2. Let n(g) be the first derivative of -g + 7 - f*g**2 - 1/4*g**4 + 4/3*g**3. Determine n(4).
-5
Let f(g) = -2*g**2 + 65*g + 35. Let q be (2/10 - 140/100)/((-4)/110). Determine f(q).
2
Let j be (27/12 - 0)/((-21)/588*-42). Let m(a) be the first derivative of -j*a**2 - 1/4*a**4 + 15 + 4*a + a**3. Calculate m(3).
-5
Let i(t) = t**2 - 15*t - 11. Let f = -1660 - -1673. Determine i(f).
-37
Suppose 17*r = -70 + 121. Let a(o) = -o**3 + 4*o**2 + 0*o**2 - 6*o - 7 + 4*o. Calculate a(r).
-4
Suppose -5*l = -5*k + 20, 21 = 5*k + 4*l - 8. Suppose 3*o + 12*t - 15 = 11*t, -5 = -o + k*t. Let h(s) = -s**2 + 7*s - 4. Give h(o).
6
Suppose 5*l + 0*f = 3*f + 12, 7 = 2*l + f. Let t(c) = 13*c - c**l + 0*c**2 + 3*c**2 - 9*c + 1. Suppose 0 = -5*w + w + 16. Determine t(w).
1
Suppose -m + 10 - 29 = 0. Let z = 17 + m. Let a be -1 - z - (3 + 2 + -9). Let n(x) = -x**2 + 6*x + 4. Give n(a).
9
Suppose 0*y - 9 = s + 4*y, 6 = -3*y. Let n be 11/(-22)*(-4 - -2). Let t(g) = -n - 2225*g + 2225*g + g**2. Calculate t(s).
0
Let n be 156/(-10) - 20/50. Let s = -16 - n. Let c be ((-4)/4 + s)/((-1)/(-3)). Let q(f) = 5*f - 1. Give q(c).
-16
Let i(g) = -7*g**2 + 13*g - 10. Let u(z) = -z**2 - 3*z. Let x(p) = -i(p) + 4*u(p). Let d be x(8). Let k(b) = 0 - 2 + 7*b - 1. Give k(d).
11
Let a(j) be the first derivative of 2*j**3/3 + 23*j**2/2 + 23*j - 1340. Give a(-12).
35
Let u(c) be the first derivative of c**2/2 + 8*c + 7992. Give u(-12).
-4
Let o = -13 - -17. Suppose -7*h + 2*h - 60 = 4*d, 3*h - o*d + 36 = 0. Let p be ((-49)/(-42))/((-2)/h). Let l(r) = r**2 - 7*r + 10. Determine l(p).
10
Let u(h) = -3*h. Let b be u(3). Let l(k) = -k - k**2 - 40 - 13*k + 5*k - 34 + 77. What is l(b)?
3
Let a(h) be the first derivative of -1/2*h**2 + 4*h + 31 - 1/20*h**5 + 7/12*h**4 - h**3. Let r(z) be the first derivative of a(z). Determine r(6).
-1
Let g(z) = z**2 + 5*z + 6. Let b(m) = 14*m + 178. Let c be b(-12). Suppose 2*k + 5*y + c = 0, 3*k - 8*y + 6*y + 15 = 0. Give g(k).
6
Let l(f) = -3*f**3 + 4*f**2 - 11*f + 5. Let t(j) = -13*j**3 + 15*j**2 - 46*j + 20. Let x(a) = -9*l(a) + 2*t(a). Suppose 7 - 27 = -5*v. Calculate x(v).
-9
Let x(v) be the second derivative of v**4/12 - 11*v**3/3 + 53*v**2/2 + 2535*v. Calculate x(19).
-4
Let s(z) be the second derivative of z**3/2 + 35*z**2/2 + 4*z. Suppose -14407 + 14347 = 5*w. Determine s(w).
-1
Let l(x) be the first derivative of -x**5/20 - 5*x**4/12 - x**3/3 - 4*x**2 - 253*x + 12. Let o(r) be the first derivative of l(r). Give o(-5).
2
Suppose -344 + 267 = -7*f. Let o(y) = y**3 - 12*y**2 + 10*y + 6. What is o(f)?
-5
Let c = 2 + 0. Let d(p) = -3509 - 62*p + 3507 + 64*p. Calculate d(c).
2
Let q(s) = -s**3 - s**2. Let x(i) = -5*i**3 + 6*i**2 + 10*i - 15. Suppose 31*c + 2 = 29*c. Let l(p) = c*x(p) + 6*q(p). Calculate l(-11).
4
Suppose 0 = -0*o + 5*o - x - 1, 3*o = 2*x - 5. Let c(q) be the first derivative of -17*q**2/2 - 30559. Give c(o).
-17
Let g(s) = s**3 - 7*s**2 + 5*s + 7. Let t(h) be the second derivative of -7*h**5/20 - h**4/2 - 2*h**3/3 + h**2 + 80*h. Let d be t(-1). What is g(d)?
42
Let y(a) be the first derivative of -5*a**2 - 1/6*a**3 - 24*a - 1. Let p(s) be the first derivative of y(s). Calculate p(-5).
-5
Suppose 38*k + 272 + 113 = -17*k. Let n(s) = -3*s - 24. Determine n(k).
-3
Let k = 65 - 69. Suppose 4*o + 4 = 4*j, 4*o = 8 - 0. Let t(x) = 0*x + 21*x**2 - j*x + 21*x**2 - 2 - 43*x**2. Determine t(k).
-6
Let q(x) be the third derivative of x**5/60 - 5*x**4/24 + 9*x**2 - 2. Let g be q(4). Let m(t) = -2*t**2 - 4*t - 1. Calculate m(g).
-17
Let s(u) = 3*u - 158. Let m be s(49). Let k(z) = z + 12. Determine k(m).
1
Suppose 0 = -88*o + 29*o + 47*o + 12. Let h(s) = -16*s + 3. Give h(o).
-13
Let y be (-18)/(-3 + 0)*109/3924. Let w(d) be the second derivative of 31*d - 3/2*d**2 + 0 + y*d**3. Calculate w(4).
1
Let r(b) = -18*b - 3*b**2 - b**3 - 1 + 4 + 19*b. Let c = 51 + -49. Suppose -4*d = 0, 0 = -f + 5*d - c - 1. Calculate r(f).
0
Let y(g) = -3*g**3 + 2*g**3 + 2*g**3 + 5*g**2 - 10 + 3 + 0*g**2 - 2*g. Let i be (-4)/6*(6 - 0). Let r be 1 - i/(-2)*3. Calculate y(r).
3
Let n = -92 - -91. Let g be (-122)/10*n + (-24)/120. Suppose -3*w = -0 + g. Let u(h) = 4*h + 6. Calculate u(w).
-10
Let f = -16039 - -16035. Let l(i) = i**2 + 2*i - 14. Calculate l(f).
-6
Let l(x) = 2*x - 4. Let g(b) = -b + 1. Let i(t) = 3*g(t) + l(t). Let n(f) = f + 5. Let s(j) = 2*i(j) + n(j). Let c be 168/21 + 3*-1. What is 